 (-1)/(1 + (-228)/c)?
3
Suppose 0 = 2*p - 11 + 3. Let g(h) be the third derivative of h**6/60 - h**4/24 + 5*h**3/6 + 151*h**2 + h. What is the units digit of g(p)?
9
Let b be 0/(-1)*(3 + (-25)/10). Suppose 9*d - 4*d = b. Suppose 7*l - 3*l - 284 = d. What is the units digit of l?
1
Let m = -16 + 18. Suppose 1606 = 4*q - 2*z, -3*z - 374 = -m*q + 427. What is the units digit of q?
2
Let b(w) be the third derivative of -w**6/120 + w**5/5 + w**4/8 - 4*w**3/3 + 2*w**2 - 2. What is the tens digit of b(9)?
6
Suppose -171*c - 367595 = -11627261. What is the ten thousands digit of c?
6
Let b(r) = r**3 + 70*r**2 - 17*r - 47. What is the thousands digit of b(-67)?
4
Suppose 17*y + 40*y + 61788 = 0. Let p = y - -2973. What is the thousands digit of p?
1
Suppose 0 = 1567*z - 1604*z + 212861. What is the thousands digit of z?
5
Let d = 162357 - 90434. What is the tens digit of d?
2
Suppose 170 + 83 = 2*u + 5*v, u = 2*v + 140. Suppose -3*k - 251 = -77. Let a = u + k. What is the units digit of a?
6
Let n(s) = 15*s - 36. Let f be n(3). Let u(h) be the third derivative of h**5/60 - h**4/8 - 2*h**3 - 6*h**2. What is the units digit of u(f)?
2
Let y be ((-19)/3)/((-5)/(-30)). Let z = -25 - y. Suppose 65 = -z*x + 18*x. What is the units digit of x?
3
Let t be 2/(-4) - (-252)/72. Suppose -371 = -t*p + 787. What is the units digit of p?
6
What is the thousands digit of ((-368)/60 - -6) + (-82851)/(-45)?
1
Let i be (-1674)/(12 + -9)*(-3)/6. Suppose 0 = -2*c - 2*f + 1034, -5*c = -2*f - 1154 - 1431. Let j = c - i. What is the units digit of j?
8
Suppose -s - 4 = 0, 6*p + 2*s - 515 = 5*p. Suppose 0 = 3*t + 5*g - 1579, -9*t + 5*g - p = -10*t. What is the tens digit of t?
2
Let l(j) be the first derivative of j**3 - 3*j**2 + 25*j + 11. Let u be l(13). Suppose 2*h - u = -2*h + 3*k, 3*h + k = 347. What is the hundreds digit of h?
1
Let i = 2903 + -800. Let w = -1456 + i. What is the units digit of w?
7
Let n(a) = 6*a**2 - 4*a + 452. What is the units digit of n(13)?
4
Let m be 377*(-2)/6*(-47 + 5). Suppose 5*o - m = -2*o. What is the hundreds digit of o?
7
Let l = -15 - -38. Suppose -u - u = -2*i - 18, -2*i = -3*u + l. Suppose -8*a + 2*k = -6*a - 300, u*k - 710 = -5*a. What is the tens digit of a?
4
What is the tens digit of 1*2/(-3) + 20 + 1350320/120?
7
Let c = 2263 + -1105. Let x = 1696 - c. What is the hundreds digit of x?
5
Suppose 79 = 5*g - 251. Suppose 53*j = g*j - 9490. What is the hundreds digit of j?
7
Let w be 318/(-14) - (-4)/(-14). Suppose -6*k - 252 = -3*v, -17 - 107 = 2*k + 4*v. What is the hundreds digit of -2*(-454)/8 + w/k?
1
Suppose -3*z = 5*v - 6473, 0 = 10*v - 11*v - z + 1293. What is the units digit of v?
7
Suppose 5*z = z + 44*z - 118040. What is the tens digit of z?
5
Let p(z) = -737*z - 894. What is the tens digit of p(-13)?
8
Suppose 456 = -2*q - 6*q. What is the units digit of (-12)/10*q*20/8?
1
Suppose 2 = -2*p, 8*p = 5*c + 9*p - 13749. What is the thousands digit of c?
2
Let i = 205 + -170. Suppose 0 = -q + i - 13. What is the tens digit of q?
2
Let j = -118 + 70. Suppose 653 - 81 = -4*g. Let o = j - g. What is the tens digit of o?
9
Let s = -102 + 103. Let y be s*11876/12 + 6/18. What is the tens digit of (-12)/21 + y/42?
2
Suppose 119*b = 105*b + 124348. What is the thousands digit of b?
8
Let o(a) = 2720*a + 128. Let q be o(-19). What is the tens digit of 8/(-18) + q/(-81) + 1?
3
Let f(u) = -4*u + 43. Let t be f(16). Let c(m) = -4*m + 182. What is the hundreds digit of c(t)?
2
Suppose 0 = -5*b + 5, -63*b = 4*p - 60*b - 28307. What is the tens digit of p?
7
Suppose 9*d + y = 5*d + 42526, 5*y + 10600 = d. What is the units digit of d?
0
Let f(a) = a**2 - 9*a - 78. Let d be f(15). Let c(q) = -10*q**3 + 2*q**2 + q + 1. Let o be c(-2). Let i = o + d. What is the tens digit of i?
9
Let y(k) be the second derivative of k**5/20 + 7*k**4/6 + 5*k**3/6 - 3*k**2 + 65*k. What is the tens digit of y(-12)?
2
Suppose -73*m = -76*m - v + 129742, v = -m + 43244. What is the units digit of m?
9
Let v(z) = -z**3 - 35*z**2 + 39*z - 61. Let t be v(-36). Let x be (2 - 150/3) + -2. Let f = x - t. What is the units digit of f?
9
Let x = 7 + -3. Suppose -5*j - x*q = 156, j + 5*q = 3*j + 36. Let t = j - -61. What is the units digit of t?
3
Let b(o) = -64*o + 3070. What is the ten thousands digit of b(-116)?
1
Suppose 0 = -2*f + 4*h + 2, 5*f + h = 2*h + 14. Suppose f*w + 510 = -168. Let k = w - -421. What is the units digit of k?
5
Suppose 88671 - 145590 - 100959 = -7*y. What is the units digit of y?
4
Suppose 17*p = -127 - 26. What is the hundreds digit of 689/(-13)*(-2 + p)?
5
Suppose -35*g + 493 = 1858. What is the units digit of ((-377)/g + -8)*(51 + 0)?
5
Let j(a) = -37*a + 179. Let t(b) = -7*b**2 + 74*b + 11. Let q be t(11). What is the hundreds digit of j(q)?
9
Let v(g) be the third derivative of -g**6/120 - 11*g**5/60 + 7*g**4/24 - 3*g**3/2 + 3*g**2. Suppose 61 - 37 = -2*b. What is the tens digit of v(b)?
5
Let k be -4*(-6 - (-77)/14). Suppose 7*r = -k*l + 8*r + 753, -5*r + 1149 = 3*l. What is the tens digit of l?
7
Suppose 4*a + 2*z = a + 53, 4*z + 104 = 4*a. Suppose -6*d = -3*d - a. Suppose -7*o + d + 14 = 0. What is the units digit of o?
3
Let j be (-63)/42 + 389/(-2). Let k = j - -421. What is the hundreds digit of k?
2
Let m(f) = 2*f + 2. Let o(p) = 3*p + 20. Let x(v) = 6*m(v) + o(v). What is the tens digit of x(9)?
6
Let m(r) = -9 - 13 - 5*r - 58*r + 13*r. What is the hundreds digit of m(-5)?
2
What is the ten thousands digit of ((-45)/10)/9 - 587626/(-52)?
1
What is the units digit of 337 - ((-49)/(-7) - (-3 + 5))?
2
Let y be (-3)/2*((-14240)/(-15) - 4). Let d = y + 2713. What is the thousands digit of d?
1
Suppose -5105 = 5*m - 16715. What is the units digit of m?
2
Let q = -32 - -31. Let v be q/((3 - 6) + (-8)/(-2)). What is the units digit of 5 + (-8)/4 + (-115)/v?
8
What is the hundreds digit of 640880/44 + (51/33 - (3 + -2))?
5
Suppose 4*s + 45096 = 200*n - 196*n, 0 = -4*n + 5*s + 45101. What is the ten thousands digit of n?
1
Let w(x) = x + 10. Let r be w(-6). Suppose 2*b = -4*j + 6, -2*b + r + 2 = 3*j. Suppose -b*d - 2*t - 13 = -98, -3*d + t = -88. What is the units digit of d?
9
Let k = 24837 - 14355. What is the ten thousands digit of k?
1
Let r be (-3)/24 + 1010/16 + 2. Let c = 99 - r. What is the tens digit of c?
3
Let a = 10538 + 15942. What is the units digit of a?
0
Let q(l) = -l**3 - 7*l**2 - l - 2. Let u(x) = -x**3 + 7*x**2 - 5*x + 5. Let a be u(6). Suppose -41 = a*m + 36. What is the units digit of q(m)?
5
Let d = 4323 - -4000. What is the thousands digit of d?
8
Let a(p) = p**2 - 4*p + 264. Let o be a(0). Let r = -193 - -325. Let d = o - r. What is the hundreds digit of d?
1
Let w(t) = -413*t - 2446. What is the units digit of w(-44)?
6
Suppose -24 = -14*p + 18. Let k(m) = 229*m + 11. What is the units digit of k(p)?
8
Let n = -8336 + 16176. What is the units digit of n?
0
Suppose 5*r - 639 = 2*s, 0 = 5*r - 30*s + 32*s - 631. What is the tens digit of r?
2
Let k = -2212 - -3739. Let o = k + -182. What is the tens digit of o?
4
Let h = -21 + 32. Let u(s) = -2*s**2 + 21*s + 7. Let i be u(h). What is the tens digit of 272/3 + ((-28)/6 - i)?
9
Let j(l) be the third derivative of l**5/30 + l**4/6 + 5*l**3/3 - 30*l**2. Let t be j(-5). What is the hundreds digit of t/12*(-558)/(-10)?
1
Suppose -12 = 5*h + 28. What is the units digit of (-111)/(-4 + (-20)/h)?
4
Let s = 4581 - -977. What is the thousands digit of s?
5
Let u be -362 + ((-11)/66 - (-1)/6). What is the hundreds digit of (u + 3)*(-2 - -1)?
3
Suppose 26784 = 15*h + 5*n - 82826, n = h - 7310. What is the hundreds digit of h?
3
Suppose -4*y - 167417 = -5*g + 30416, -3*y = -g + 39571. What is the units digit of g?
5
Let q = -37492 - -58123. What is the ten thousands digit of q?
2
Let f(p) = 7*p**2 + 26*p + 32. Let n be (2 + 4/3)/((-6)/18). What is the hundreds digit of f(n)?
4
Suppose 2*t - 400 = 4*z, -8*t + 2*z + 398 = -6*t. Let y be 657/5 - (-2)/(-5). Let r = t - y. What is the tens digit of r?
6
Suppose -8*r - 1550484 = 52*r - 6264144. What is the thousands digit of r?
8
Let z(r) = -19*r**3 + r**2 + 4*r + 7. Suppose -27*i + 24*i = 6. What is the tens digit of z(i)?
5
Let c = 61876 - 22023. What is the units digit of c?
3
Let l(n) = -12*n - 27. Let m be l(-4). Let z(r) = r**3 - 2